0473?
False
Does 226 divide 250998312?
True
Is 37272886 a multiple of 191?
True
Is 773591210 a multiple of 4846?
True
Is 5 a factor of 108315173?
False
Does 2755 divide 51796188?
False
Is 12626160 a multiple of 3?
True
Is 1149 a factor of 548188005?
False
Does 3 divide 6154261?
False
Is 191218750 a multiple of 625?
True
Does 16 divide 245138432?
True
Does 26 divide 2427867702?
True
Does 8871 divide 2570248056?
True
Is 1398136824 a multiple of 47?
True
Does 40 divide 167451520?
True
Does 205 divide 25733279?
False
Does 236 divide 69618112?
True
Does 40 divide 1164095350?
False
Does 6 divide 20273964?
True
Is 1824 a factor of 50026873?
False
Is 1914 a factor of 773911689?
False
Does 755 divide 30528425?
True
Is 14 a factor of 114948904?
True
Does 458 divide 25595716?
False
Does 4 divide 54410764?
True
Does 1230 divide 1683070836?
False
Does 39 divide 60297628?
False
Is 1323518 a multiple of 134?
True
Does 54 divide 822074549?
False
Does 414 divide 7587378?
True
Does 233 divide 43395272?
False
Is 4013373 a multiple of 5?
False
Is 13 a factor of 4252391?
True
Does 171 divide 47785951?
False
Does 138 divide 31576318?
False
Is 20 a factor of 26906671?
False
Is 7 a factor of 1013686?
False
Is 15362200 a multiple of 175?
True
Is 75 a factor of 204364350?
True
Does 952 divide 4641053312?
True
Is 38 a factor of 5115964421?
False
Does 1717 divide 342332790?
False
Is 14583568 a multiple of 14?
False
Does 6 divide 9053264?
False
Does 373 divide 309942485?
True
Does 288 divide 349293?
False
Is 25824502 a multiple of 175?
False
Is 28 a factor of 1282732916?
False
Is 404 a factor of 35058591?
False
Is 508 a factor of 198598536?
True
Does 96 divide 1424643552?
True
Is 7 a factor of 335841324?
True
Does 494 divide 159835809?
False
Is 709024584 a multiple of 2076?
True
Is 118553526 a multiple of 181?
False
Is 6305 a factor of 449874360?
True
Does 25 divide 29121625?
True
Is 5 a factor of 118918951?
False
Is 9507335 a multiple of 3145?
True
Is 226436490 a multiple of 399?
True
Is 3337176 a multiple of 3?
True
Does 327 divide 18301209?
True
Is 10 a factor of 13140170?
True
Is 1321 a factor of 525833297?
True
Is 216 a factor of 26376621?
False
Is 7 a factor of 11606579?
False
Is 144 a factor of 24211753?
False
Is 174 a factor of 55033764?
True
Is 78 a factor of 996245421?
False
Does 1267 divide 372185091?
False
Does 263 divide 2236609860?
True
Is 576 a factor of 3850418640?
False
Is 113 a factor of 18251760?
True
Is 344748926 a multiple of 58?
True
Does 28 divide 186914504?
True
Is 14 a factor of 873528201?
False
Is 9811940 a multiple of 186?
False
Is 82433028 a multiple of 12?
True
Is 10 a factor of 4674040?
True
Is 37 a factor of 34710958?
True
Is 600 a factor of 179026800?
True
Does 716 divide 609597190?
False
Does 8 divide 2704701790?
False
Is 12852372 a multiple of 7157?
False
Does 23 divide 4136772571?
True
Is 618 a factor of 671773674?
False
Does 36 divide 1328286772?
False
Does 83 divide 2477799?
True
Does 360 divide 432560504?
False
Is 43 a factor of 9644180?
False
Does 935 divide 1341909195?
True
Is 1342108945 a multiple of 17?
True
Does 49 divide 838024433?
False
Is 56 a factor of 513444624?
True
Does 2665 divide 281834410?
True
Does 509 divide 119387443?
False
Is 38 a factor of 604386180?
False
Is 47193323 a multiple of 107?
False
Does 297 divide 5383125?
True
Is 5201 a factor of 4916732?
False
Is 13 a factor of 958989395?
True
Is 6 a factor of 5582030?
False
Is 21591111 a multiple of 3?
True
Does 283 divide 705259236?
False
Is 14529564 a multiple of 124?
False
Is 7 a factor of 42365569?
False
Is 46756449 a multiple of 38?
False
Does 100 divide 112118691?
False
Does 40 divide 45306360?
True
Is 4 a factor of 668741254?
False
Does 2 divide 329429863?
False
Does 444 divide 38182870?
False
Is 382953394 a multiple of 122?
False
Is 88 a factor of 101777428?
False
Is 11 a factor of 550541079?
True
Is 5172408 a multiple of 6?
True
Is 461995194 a multiple of 20?
False
Is 772997703 a multiple of 63?
False
Is 22380167 a multiple of 10?
False
Is 14343153 a multiple of 451?
True
Is 257 a factor of 115684695?
True
Is 283 a factor of 7719443?
False
Does 874 divide 98446810?
False
Does 3070 divide 2296722569?
False
Is 496 a factor of 439414336?
True
Is 14 a factor of 64361030?
False
Is 8217209 a multiple of 278?
False
Does 11 divide 201215333?
True
Is 12660034 a multiple of 3?
False
Is 53181320 a multiple of 18?
False
Is 6 a factor of 30047118?
True
Does 18 divide 6765876?
True
Is 1011 a factor of 2778767874?
True
Is 65 a factor of 269457175?
True
Is 11065500 a multiple of 300?
True
Does 210 divide 10348331?
False
Is 35865986 a multiple of 674?
False
Is 51854021 a multiple of 36?
False
Is 65890262 a multiple of 23?
True
Is 55752844 a multiple of 469?
True
Is 1405190 a multiple of 196?
False
Does 9 divide 397269594?
True
Does 1071 divide 37783096?
False
Is 64844928 a multiple of 576?
True
Does 1262 divide 1039754844?
False
Is 14 a factor of 1072850?
False
Does 1168 divide 362168780?
False
Is 2186255731 a multiple of 8?
False
Is 293 a factor of 2443722809?
False
Is 454663307 a multiple of 136?
False
Does 5703 divide 746454478?
False
Is 45 a factor of 50912096?
False
Is 107 a factor of 234341128?
True
Is 27481147 a multiple of 19?
False
Is 74 a factor of 230854692?
True
Is 457 a factor of 10988565?
True
Is 173 a factor of 1553760921?
True
Is 117064564 a multiple of 4?
True
Is 2401808 a multiple of 1085?
False
Is 21562330 a multiple of 2137?
True
Is 2387491706 a multiple of 158?
True
Does 49 divide 190636411?
True
Is 32987136 a multiple of 177?
True
Does 1250 divide 4957670?
False
Does 3 divide 4788490?
False
Does 19 divide 323850606?
False
Is 266 a factor of 11355008?
True
Is 28 a factor of 27455670?
False
Does 50 divide 7036950?
True
Does 3 divide 69156438?
True
Is 36 a factor of 453433464?
True
Does 1117 divide 53770049?
False
Is 4451226998 a multiple of 7342?
True
Is 4218 a factor of 800460451?
False
Is 5859060 a multiple of 847?
False
Is 23 a factor of 222049705?
True
Is 411893385 a multiple of 1905?
True
Is 195 a factor of 10717785?
True
Is 22235503 a multiple of 21?
False
Does 20 divide 2618320?
True
Is 5865052 a multiple of 3?
False
Is 135308088 a multiple of 12?
True
Is 5099 a factor of 1549205310?
False
Is 125065408 a multiple of 54?
False
Is 710 a factor of 85825951?
False
Does 9 divide 168038515?
False
Is 7913852 a multiple of 4?
True
Is 58 a factor of 25340026?
True
Is 148 a factor of 13394188?
False
Does 574 divide 2716742?
True
Does 2 divide 77057344?
True
Is 53561643 a multiple of 537?
False
Does 23 divide 142177896?
False
Is 1075661728 a multiple of 191?
False
Is 496854274 a multiple of 13?
False
Is 9 a factor of 552422934?
True
Is 10 a factor of 89194262?
False
Is 1062 a factor of 14874372?
True
Is 3524 a factor of 54393452?
False
Is 580556915 a multiple of 109?
False
Does 8252 divide 176452285?
False
Is 156199877 a multiple of 110?
False
Does 30 divide 84513469?
False
Does 2798 divide 415181230?
True
Is 72238824 a multiple of 9?
True
Is 547134862 a multiple of 7?
False
Is 827760011 a multiple of 1025?
False
Does 731 divide 5041115621?
True
Is 42479808 a multiple of 26?
False
Is 33 a factor of 112430307?
True
Does 3 divide 33459067?
False
Does 108 divide 11454588?
True
Is 97760063 a multiple of 80?
False
Is 614349220 a multiple of 142?
False
Is 1014 a factor of 27892184?
False
Is 8536149 a multiple of 9?
True
Does 164 divide 703191?
False
Does 652 divide 421353696?
True
Is 8032 a factor of 38369862?
False
Is 977 a factor of 367772110?
True
Does 4 divide 34368009?
False
Is 32904170 a multiple of 13?
True
Does 69 divide 3572146?
False
Does 30 divide 961564493?
False
Does 55 divide 1864342514?
False
Is 114 a factor of 122688282?
True
Does 248 divide 126227032?
False
Does 317 divide 1216336624?
False
Is 151 a factor of 1409195571?
True
Does 5 divide 201001013?
False
Is 216768392 a multiple of 246?
False
Does 8124 divide 390913729?
False
Does 533 divide 406197168?
True
Is 48118351 a multiple of 215?
False
Does 2343 divide 50598002?
False
Does 36 divide 3000274?
False
Is 1554554561 a multiple of 1888?
False
Is 390979328 a multiple of 128?
True
Does 23 divide 80980585?
True
Is 268273296 a multiple of 162?
True
Is 74 a factor of 354093108?
True
Is 305 a fact